ond derivative of b**5/20 - b**4/4 - b**3/6 + 3*b**2 - 7*b. What is the tens digit of x(5)?
5
Let g be 12*((-15)/(-6))/(-5)*-1. What is the hundreds digit of 804/g + (-1 - 0 - -1)?
1
Let c = -77 + 123. Let x = 31 + -11. Suppose x = 3*s - c. What is the tens digit of s?
2
Let j(u) = 12*u + 7. Let w be j(10). Suppose -3*y + 2*m = -78, -y = -5*y - 5*m + w. What is the units digit of y?
8
Let l be ((-6)/(-4) + -2)*0. Suppose -5*o - 5 = l, 4*o + 0*o = 4*j - 48. Let v = 41 - j. What is the units digit of v?
0
Let h be 5 - 160/(6 + -10). Let j = 3 - 0. Suppose -2*m + h = j*m. What is the units digit of m?
9
Suppose -4*c - 236 = -4*a - 6464, -5*a = -2*c + 3126. What is the units digit of c?
3
What is the tens digit of (-2195)/(-3) + (-35)/(-15)?
3
Let a(v) = 148*v + 9. What is the hundreds digit of a(7)?
0
Suppose -7 + 22 = 5*d, -17 = 4*y - 3*d. Let v be (0 - 0)*y/(-4). Suppose -2*o - 3 + 11 = v, 2*l + o = 8. What is the units digit of l?
2
Suppose u + 3*u = 612. Suppose -56 = -r - 3*m, 0 = -3*r - 0*m - 4*m + u. Suppose 0 = 4*o - r - 29. What is the tens digit of o?
1
Let t be (5 + -2)*2/(-6). Let w be 16/((-2)/t*1). Let a = w - 7. What is the units digit of a?
1
Let o(y) = y**3 + 6*y**2 - 9*y + 10. What is the units digit of o(5)?
0
Let c(m) be the second derivative of -m**4/12 + 5*m**3 + 7*m**2 - 40*m. What is the units digit of c(18)?
0
Suppose 4*z - 147 = -2*h - z, 210 = 3*h + 4*z. Suppose -h = -3*m - 0*m. Let q = 40 - m. What is the units digit of q?
8
Suppose 16 + 18 = -l - 3*c, -l = 2*c + 39. Let p = 79 + l. What is the units digit of p - (-3 + (2 - -2))?
9
Let g = 1556 + -875. What is the hundreds digit of g?
6
Let g(d) = 723*d**3 - d**2 - 2*d + 1. What is the tens digit of g(1)?
2
Let w = 821 - 492. What is the tens digit of w?
2
Let y be (-15)/6 + 1 - 11/(-2). Suppose -2*f - 3*m + y*m = -144, -2*f - 5*m = -144. What is the tens digit of f?
7
Let n(a) be the second derivative of 10*a + 0 + 2*a**2 - 3/2*a**3. What is the tens digit of n(-3)?
3
Let c be 2/(-2) - (-15 + 2). Suppose -11*n + 1 = -c*n. Let x = n - -5. What is the units digit of x?
4
Suppose -40*v = -71*v + 52669. What is the hundreds digit of v?
6
Let b(r) be the third derivative of -r**6/120 + 3*r**5/20 + r**4/12 - r**3/3 + 4*r**2. What is the units digit of b(8)?
8
Let y = 15 - 10. Let r(t) = 4*t**2 - 6*t - 6. What is the units digit of r(y)?
4
Suppose 0 = a - 3*a + 26. Suppose a + 11 = 4*w. What is the units digit of w?
6
Let v(z) = z**3 - 8*z**2 + 6*z. Let t be v(7). Let w = 66 + t. What is the units digit of w?
9
Let j(f) = 70*f**2 - 21*f - 121. What is the units digit of j(-6)?
5
Suppose -3*y = -4*c - 6, -y + 4*c = 4*y - 18. Suppose y*w - 2*w - 5*n - 365 = 0, -3*w = 4*n - 266. What is the tens digit of w?
9
Suppose -3*t - t + 304 = 4*x, 5*t = -4*x + 304. What is the tens digit of 703/x*8/1?
7
What is the tens digit of 290/((-1)/(27/6 + -5))?
4
Suppose 2*b - 3*b + 2 = 0, 4*b - 18500 = -4*a. What is the tens digit of a?
2
Suppose 5794*r + 27920 = 5802*r. What is the tens digit of r?
9
Suppose -2*y + 67 = 3*v, -v = 4*y - 16 - 3. Let u = v - 12. What is the units digit of u?
1
Let i(v) = 19*v**2 + 32*v + 178. What is the thousands digit of i(-8)?
1
Let s(i) = -2*i - 12. Let l be s(-8). Suppose z + 18 = l. What is the units digit of 21/2 + (-21)/z?
2
Let l = 694 - 268. What is the tens digit of l?
2
Suppose 24*x - 21*x = 27. Suppose 0 = x*k - 12*k + 51. What is the tens digit of k?
1
Let y = 25 + 17. What is the units digit of 486/(-3)*(4 + y/(-9))?
8
Let r(y) = y**3 - 17*y**2 + 18*y - 27. Let j be r(16). Suppose 4*w - j*x - 578 = 0, x + 51 + 93 = w. What is the hundreds digit of w?
1
Suppose -5*q + 8*q + 992 = r, 3*r - 2980 = 5*q. What is the hundreds digit of r?
9
Suppose 5*c + 4*l = 2, -4*l = 5 + 3. Let j be 3/c - (-20)/8. What is the units digit of 62 + (0/5 - j)?
8
Suppose -63 = -4*p + 273. Let a be 4*(-1 + (-6)/(-4)). Suppose -a*x - 4 = -p. What is the tens digit of x?
4
Let o(g) = -2*g + g + 1 - 2. Let c be o(-7). Suppose c*a - 8 = 5*a. What is the units digit of a?
8
Let k(q) = -3*q - 6. Let r be k(-6). Suppose -230*d + 144 = -234*d. What is the units digit of (d/8)/((-2)/r)?
7
Let u(b) = 2*b + 15. Suppose -z = -7*z - 84. Let y be u(z). What is the tens digit of 2/y + (-940)/(-26)?
3
Suppose -d - 2*d = -48. Let t = 96 + -96. Let x = d + t. What is the tens digit of x?
1
Suppose -3807 = -3*f - 333. What is the units digit of f?
8
Let r(z) = -14*z**2 - 12*z + 5. Let x(n) = 5*n**2 + 4*n - 2. Let j(l) = -4*r(l) - 11*x(l). What is the tens digit of j(-16)?
9
What is the units digit of 4*(-3464)/(-480) + (-4)/(-30)?
9
Let m(x) = 41*x + 28. What is the units digit of m(8)?
6
Suppose 0 = -7*i - i + 488. Suppose i*w + 980 = 68*w. What is the units digit of w?
0
Let c = -1 - -7. Let d(o) = 8*o + 13. What is the tens digit of d(c)?
6
Suppose y = 2 - 0. Suppose y = -3*i + i, 0 = 4*j - 3*i - 63. What is the units digit of j?
5
Suppose 3*t + 121 = -2*v, v = -t + 2*t - 63. Let r = v + 193. What is the units digit of r?
1
Suppose 0*d + 6*d + 228 = 0. Let h = d + 187. What is the units digit of h?
9
What is the units digit of (-4428)/(-8) - (-10)/16*-4?
1
Let g(f) = -183*f - 18. Let u be g(-6). Suppose x = 4*x - u. Suppose 29*v + x = 34*v. What is the tens digit of v?
7
Suppose -13 = 2*o + 5*w - 3, 4*w + 8 = 2*o. What is the tens digit of 1 + (-22)/(o + -2)?
1
Let d(h) = h**3 + 10*h**2 + 7*h + 18. Let p be d(-10). Let x = p + 64. What is the units digit of x?
2
What is the tens digit of 1*((865/(-5))/(-1) - 2)?
7
Suppose -7*r + 12*r - 4*h - 770 = 0, 4*r - 3*h = 616. What is the units digit of r?
4
Suppose -352 = 3*t - 25*t. Let i be (102/15)/((-1)/(-20)). What is the tens digit of t/i - (-848)/17?
5
Suppose 2*x + i - 32 - 47 = 0, 4*x = 5*i + 179. Let s = x - 40. What is the units digit of s?
1
Let z be (642/(-8))/(33/(-132)). Let f = z - 205. What is the hundreds digit of f?
1
Suppose 0 = 19*u - 20*u + 7. Suppose 3*d - 331 = -a, a = -2*d + 213 + u. What is the hundreds digit of d?
1
Let r(n) be the first derivative of 10*n**3 + n + 4. Let y be r(1). Suppose 0 = 3*j - y - 5. What is the units digit of j?
2
Suppose -g = -5*m - 2137, 5*m = 3*g - 3166 - 3215. What is the tens digit of g?
2
Let y = 5 + -10. Let a = y - -7. Suppose -a*v = -49 - 11. What is the tens digit of v?
3
Let q(u) = -u**3 + 2*u**2 + 14*u + 27. What is the hundreds digit of q(-10)?
0
Let l(t) = 85*t - 28. What is the hundreds digit of l(8)?
6
Let j(i) = -i**3 + 2*i**2 + 5*i - 3. Let g be j(3). Let p = 593 - 345. Suppose 0 = 3*m + 15, p = g*k - 2*m + 67. What is the tens digit of k?
5
Suppose 16*s + 7*s = 21298. What is the tens digit of s?
2
Suppose -4*w - 19*s + 20*s + 2626 = 0, -2*w + s + 1314 = 0. What is the tens digit of w?
5
Let q = -398 - -1847. What is the hundreds digit of q?
4
Suppose 5*n + 303 = 2*r, -2*r + n = -0*r - 315. Let t = 76 + r. What is the hundreds digit of t?
2
Suppose 0 = -3*d + 42 - 0. Suppose -19*c = -d*c - 240. Suppose 5*l + 148 = 4*p - c, -4*l - 104 = -2*p. What is the tens digit of p?
4
Suppose 0 = 5*n - 2*m - 15833, -4*n + 5*m = 9*m - 12644. What is the hundreds digit of n?
1
Let z be (-4 - -4)/(2 + -4). Suppose z = y - 0*y - 5. What is the units digit of ((-37)/(-2))/(y/10)?
7
Suppose 13 + 7 = 5*c. Let z = 8 - c. What is the tens digit of (138/12)/(2/z)?
2
Let h be (0 + -49)/(3/(-9)). Let m = -73 + h. What is the units digit of m?
4
Suppose 0 = g + 3*f - 2819, g + 4*f - 3274 = -452. What is the thousands digit of g?
2
Suppose -4*h = -2 - 6. Suppose -21 = -h*g + 3*g. Let n = -15 - g. What is the units digit of n?
6
Suppose -18*b = -29535 + 8889. What is the thousands digit of b?
1
Let q = -11 + 16. Suppose 4*j - j + 154 = q*b, 2*j = -3*b + 100. Suppose 3*y - b = 2*y. What is the tens digit of y?
3
Let a(q) = -20*q - 213. What is the units digit of a(-25)?
7
Suppose -5*t + 2*g - 3*g = -13, -2*g + 2 = 2*t. Suppose -u - 2*u - 174 = -3*f, 0 = -t*u. What is the units digit of f?
8
Suppose 0 = 6*q - 9*q + 12. Suppose -212 = q*u - 8*u. What is the tens digit of u?
5
Let n(v) = -v**3 + 6*v**2 - 2*v - 5. Let g be n(5). Suppose -2*p - d = -3*p - 5, 2*p = 3*d - g. Let h = p - -23. What is the tens digit of h?
1
Suppose 26*k + 3 = 27*k. Suppose 89 - 453 = -4*g - j, -k*g = -5*j - 273. What is the unit